36. Calculate the highest common factor of x and 9.
9
Let t(a) = 13*a - 45. Let d(w) = -26*w + 173. Let p be d(6). Let l be t(p). What is the highest common factor of 64 and l?
16
Let j = 135 - 9. Let z = 7157 - 7136. Calculate the highest common divisor of j and z.
21
Let c = 91 + -106. Let u(w) = -w - 3. Let a be u(c). Let r be 2 + (30*1 - 2). What is the highest common factor of r and a?
6
Suppose -147*s + 7840 = -115*s. What is the greatest common divisor of 14 and s?
7
Let x be (-2)/12 + (-290)/(-12). Let l = -27422 - -27734. What is the greatest common factor of x and l?
24
Suppose 0 = 38*q - 50*q - 4560. Let t(z) = z**3 - 13*z**2 + 4*z - 2. Let k be t(5). Let x = k - q. What is the greatest common divisor of 18 and x?
18
Let s(u) = -u**3 + u**2 + 2*u + 3. Let t be s(2). Let h = 28 - 20. What is the greatest common factor of h and t?
1
Let v = -23665 - -25457. What is the greatest common divisor of v and 1064?
56
Let q(p) = 2*p**2 - 6. Let a be q(4). Suppose 68*v = 72*v - 416. What is the highest common divisor of a and v?
26
Let g be (-24)/(-9)*(-4005)/(-12). Suppose 5*o - 4*q = 4120, 4*o + q - g = 2385. What is the highest common divisor of 40 and o?
20
Let g = -356 + 706. Let v be -6*(147/(-9) - 7). What is the highest common divisor of v and g?
70
Let l(v) = 34*v**2 - 519*v - 26. Let n be l(16). What is the highest common factor of 352 and n?
22
Let x be 1114/6 - (-8)/(-12). Let q = 207 - 65. Suppose -4*z + 0*s + q = 3*s, z - s - 39 = 0. Calculate the highest common factor of x and z.
37
Let r be (-111258)/(-168) - (-35)/20. Calculate the greatest common factor of 8 and r.
8
Suppose -376 = s + v, 3*v = -s - v - 379. Let w = 445 + s. What is the highest common divisor of 80 and w?
10
Let f = 3241 + -3173. Calculate the greatest common factor of f and 238.
34
Let p = -124 + 230. Let k = -92 + p. What is the highest common divisor of 14 and k?
14
Let b be 65 - (8/(-44) + 4/22). Let c = b + -57. Suppose 58 + 86 = c*u. What is the greatest common divisor of 45 and u?
9
Suppose h + 556 = -128*z + 130*z, -841 = -3*z - 2*h. Calculate the greatest common divisor of 63 and z.
9
Let x(w) = -w**3 - 28*w**2 + 91*w - 7. Let i(b) = -33*b**2 - 7*b - 5. Let v be i(-1). Let g be x(v). Calculate the greatest common factor of g and 22.
11
Suppose -5*f + 143*c + 70 = 144*c, -4*f + 3*c = -75. What is the greatest common factor of 55 and f?
5
Let d = -172 - -175. Suppose x - 17 = -c - 7, 0 = -d*x - 5*c + 24. Calculate the highest common divisor of 299 and x.
13
Let l be (-15104)/(-112) - (140/49 - 3). What is the greatest common factor of 40 and l?
5
Let x be (-1702)/10 + 1/5 + -5. Let a be (-3 + 5)*x/(-10). What is the greatest common divisor of a and 665?
35
Let i(n) = n**2 - 37*n + 214. Let u be i(30). Calculate the greatest common divisor of u and 2396.
4
Suppose 879 = 25*h - 20*h - 1691. Calculate the highest common divisor of 3341 and h.
257
Suppose 1244*i - 2368 = -2*f + 1248*i, -2*f - 3*i = -2403. What is the highest common divisor of f and 48?
6
Suppose 2*b - 2*n = -4 + 2, 5*b - 3*n + 3 = 0. Suppose i + 36 = 2*g, 5*g - 99 = -2*i - b*i. Let a = 138 + 71. What is the highest common factor of g and a?
19
Let u(x) = 158*x - 420. Let v be u(13). Suppose 5*l - 1052 = -4*a + 1128, -3*a - 4*l + v = 0. What is the highest common factor of a and 50?
50
Suppose -16 - 22 = -2*l + a, -l + 5*a = -10. Suppose -5*j = -25, 52*h - 54*h - j + 765 = 0. What is the highest common divisor of l and h?
20
Let y(c) = c**2 + 7*c - 22. Let g be y(-18). Let d be g/11*(-11)/(-4). What is the highest common factor of d and 4?
4
Suppose -27 - 53 = -8*l. Let p(v) = 22*v - 361. Let k be p(18). Calculate the greatest common factor of l and k.
5
Let u = -10 + 12. Suppose -11 = -5*w + 4, -48 = -u*s + 4*w. What is the greatest common divisor of s and 105?
15
Suppose -28*h + 11115 - 811 = -12*h. What is the highest common divisor of h and 42?
14
Suppose -44*y = -5*c - 43*y + 556, 5*c - 2*y = 562. Calculate the greatest common divisor of c and 830.
10
Let u be 130/845 + (3699/39 - -2). Calculate the highest common factor of u and 21146.
97
Let a = -10 + 20. Suppose -13*o + a = -11*o. Let k be 7 - -2 - (28 - 59). What is the highest common divisor of o and k?
5
Let a = -2403 + 2470. Let z be (6 + -10)*(-267 - 1). Calculate the greatest common divisor of a and z.
67
Suppose 4*w + 4*s + s = 118, -3*w - 5*s + 91 = 0. Let a(m) = 8*m + 14*m - 12 - 12*m - 11*m. Let c be a(-21). What is the greatest common divisor of w and c?
9
Suppose -23*c - 222 = -29*c. Let d = 45 - c. Calculate the greatest common factor of 40 and d.
8
Suppose 2*d - 1400 = -2*y, -8*y + 5600 = -4*d - d. Calculate the highest common factor of 28 and y.
28
Let c(w) = -16*w - 118. Let m be c(-28). What is the highest common factor of m and 275?
55
Suppose -70*o + 73*o = 3. Let s be 2646/70 + (3/15)/o. Suppose 4*q + 0*r - r - 151 = 0, 4*q + 3*r = 155. Calculate the greatest common divisor of s and q.
38
Let d be 43 - ((-32)/(-4) + -17 - -7). Calculate the greatest common factor of 366 and d.
3
Let t(g) = 1112*g**2 - 17*g + 11. Let l be t(1). Calculate the greatest common factor of 70 and l.
14
Let v be 117/6*22/33. Suppose 4*p - 62 = -5*k, -12*k + 3*p - 8 = -v*k. Calculate the greatest common factor of k and 266.
14
Let r = 149 - 86. Let q(s) = 66*s**2 + s - 4. Let x be q(1). Calculate the greatest common factor of x and r.
63
Suppose 4*f + 6 = 5*u - 3, -u - 3*f + 17 = 0. Calculate the highest common factor of u and 2205.
5
Let d(a) = 34*a - 3. Let z be d(2). Let j(q) = q**3 - 48*q**2 + 354*q + 25. Let m be j(9). What is the greatest common factor of z and m?
13
Suppose -g = -12*g - 17*g + 9324. What is the highest common factor of 234 and g?
9
Suppose 42*u + 7112 = 35*u. Let k = u - -1965. Calculate the greatest common factor of 13 and k.
13
Suppose -4*l + 3*q + 26 = 0, -2*l - q = -0*l - 18. Let r be (-1 + 2/1)*(21 - -13). Let a = -10 + r. What is the greatest common divisor of a and l?
8
Let r be (2/4)/(((-99)/2112)/(81/(-12))). What is the highest common factor of r and 204?
12
Let r(l) = l**2. Let z(g) = -2*g**3 + 9*g + 5. Let x(n) = 6*r(n) - z(n). Let u be x(-3). Calculate the highest common factor of 418 and u.
22
Let u(a) = 2*a**3 - 9*a**2 + 356*a - 1679. Let h be u(5). Let l = 54 - 18. Calculate the greatest common divisor of l and h.
18
Suppose 4*u - 15*c = -16*c + 227445, 4*c - 113740 = -2*u. Calculate the greatest common divisor of 20 and u.
20
Let a(h) = -7*h**2 + 57*h - 4. Let z be a(6). Suppose 5*v + m = z, 41 = v - 3*m + 11. What is the greatest common divisor of 234 and v?
18
Let a(s) = s**3 + 28*s**2 + 109*s - 124. Let u be a(-23). Calculate the highest common factor of 10192 and u.
14
Suppose 0 = -81*h - 4236 + 7091 + 7108. What is the greatest common factor of 1025 and h?
41
Let g(d) = -3*d - 36. Let q = 7 + -14. Let y be g(q). Let u be 2/(10/y) + (-52)/(-2). Calculate the highest common factor of 46 and u.
23
Suppose 2*a + 21 = 2*f - 29, -7*f + 4*a + 172 = 0. Let b(k) = 2*k**2 + 20*k - 22. Let n be b(-17). Calculate the highest common divisor of f and n.
24
Suppose 37*j - 30*j - 21 = 0. Suppose 0 = j*f - 246 + 171. Calculate the greatest common factor of f and 20.
5
Let r(g) = -681*g - 915. Let f be r(-5). What is the highest common factor of 150 and f?
30
Let b(f) = 26*f - 2. Let l be b(-1). Let q be 6/(-21) + (-7064)/l. What is the greatest common factor of q and 36?
36
Suppose -39*o - 1428 + 10008 = 0. Calculate the greatest common divisor of o and 1672.
44
Let z be (-6 + 9)*(-10)/(-2). Let h = 16 - z. Suppose 2*n + 4*r - 4 = 0, -r = 2*n + 2*r - 7. What is the greatest common factor of h and n?
1
Suppose -3*s = 5*f + 24, s + 3*f + 11 - 3 = 0. Let q = s + 272. What is the highest common divisor of q and 48?
24
Let u be (-5013)/(-5) - 328/205. Suppose 0 = -2*l + 5*l - 231. Calculate the highest common factor of u and l.
77
Let k = 886 + -334. What is the greatest common divisor of k and 72?
24
Suppose -3*p = -2*a + 11, 5*a - 23 = -3*p + 36. Suppose -71 = -a*u + 9. Calculate the greatest common divisor of u and 4.
4
Suppose 0 = -5*n - 3*m + 914, -2*n + 4*m + 893 = 3*n. Let o = -168 + n. Calculate the highest common divisor of o and 247.
13
Let o = 18226 + -17650. Calculate the greatest common divisor of